igit of (-348)/21*l/(-2)?
8
Let w(r) = 2*r - 7. Suppose 0 = -2*y + 5*n + 30, n + 0 = -4. Let h be w(y). Suppose h*a - 5 = -2*a. What is the units digit of a?
1
Let c = -12 - -16. Suppose c*z = 9*z + 90. What is the units digit of 1/(-4) - z/8?
2
Let z = 5 + -5. Let k = 2 + z. Suppose -t = k*t - 33. What is the units digit of t?
1
Let n(s) = 0*s**2 - 2*s**2 - 6*s + s**2 + 2*s**3 + 6. Let o be 9/6*(-2)/3 - -4. What is the units digit of n(o)?
3
Suppose 0 = -5*j + y + 7, 21*j - 26*j - 4*y + 22 = 0. Let c be ((-2)/4)/(1/108). What is the units digit of ((-12)/j)/(12/c)?
7
Let x = -27 - -17. Let q(o) = o**3 + 10*o**2 - 9*o - 3. What is the tens digit of q(x)?
8
What is the hundreds digit of 359/(((-8)/140)/(4/(-14)))?
7
Suppose -3*t - 38 = -2*i - 2*i, -5*i + t = -53. Suppose i*f - 10*f = 151. What is the units digit of f?
1
Suppose -4*o + 10 - 30 = 0, 0 = -d + 2*o + 2056. What is the hundreds digit of d?
0
Suppose 279 = p + 2*h, -3*p - 5*h + 313 = -520. What is the hundreds digit of p?
2
Let k(v) = -2*v - v - 2*v**2 + 4 + 0 - v**3. Let i be k(2). What is the units digit of 0/3 + i/(-3)?
6
What is the tens digit of 0 + -2 + 2 - (-544 + -4)?
4
Let m = 16 - 13. Suppose -s - 5*j + 207 = 0, m*j - 4*j + 378 = 2*s. What is the tens digit of s?
8
Let y(a) = -12*a + 20. Suppose 0 = -4*l - 29 + 5. What is the tens digit of y(l)?
9
Suppose 4*y - 8 = -0. Suppose -y*j - 300 = -3*g - 6*j, 4*g = 3*j + 400. What is the tens digit of g?
0
Let u = -9 + 49. Suppose 0 = 4*g - 5*g + u. What is the units digit of g?
0
Let g(x) = -18*x + 21. Let z be g(-5). What is the units digit of (2 + 2)*(z/12 - -2)?
5
Let s = 10 + -7. Suppose 2*c + 8 = 4*v, -4*c + 5*v - 7 = s. Suppose c = -4*q - q + 120. What is the units digit of q?
4
Suppose 3*i - 3*l = 18, -l + 23 = 5*i + 5. Let f be 3 + ((-12)/(-1))/i. Let w(d) = -d + 14. What is the units digit of w(f)?
8
Let m be (-2268)/(-4) + (-2 - -3). Suppose -5*z = 4*d - m, -564 = -4*d + z - 5*z. What is the hundreds digit of d?
1
Suppose -3*w - 8 = 37. Let b be (-48)/(-36)*(-69)/2. Let u = w - b. What is the units digit of u?
1
Let l(q) = 12*q**2 + 5*q + 7. Suppose -d = -m - 2, -3*d - 24 = 5*m - d. What is the hundreds digit of l(m)?
1
Suppose 5*r - 4 = -2*l + 25, 2*l = 3*r - 11. Let j be l/9 - 8/36. Suppose j = 5*k - 25 - 10. What is the units digit of k?
7
Let r be 6/(-75)*-5*5. Suppose -5*u = -4*a + 232, 0 = r*a + 2*u - 6*u - 122. What is the units digit of a?
3
Suppose 7 = -3*w + 1. Let f = 321 - 931. What is the tens digit of f/(-30) - w/3?
2
Suppose 42*n - 6699 = 31*n. What is the units digit of n?
9
Let w = 96 + -103. What is the tens digit of (-1184)/w + 9/(-63)?
6
What is the units digit of 1834/4 + 9/(-216)*-12?
9
Let y = -23 - -377. What is the hundreds digit of y?
3
Suppose -2*o = 3*o - 15. Suppose 28 = q + o*v - 24, q = v + 48. Let l = q + -25. What is the tens digit of l?
2
Let f be (-4)/10 + 3141/15. Suppose -3*j - 62 = -d, 4*d - f = j - 2*j. What is the tens digit of d?
5
Suppose 20 = -5*o, -11*w + o + 4 = -13*w. Suppose w = 10*k - 13*k + g + 975, 0 = 3*k - 4*g - 975. What is the hundreds digit of k?
3
Suppose -142*r + 139*r = -4194. What is the units digit of r?
8
Let c = 1277 + -1204. What is the units digit of c?
3
Let m(h) = 362*h - 30. What is the units digit of m(2)?
4
Let k = 196 - 68. Let o = k + 30. What is the tens digit of o?
5
Let j(f) = -12 + 61*f - 25*f - 27*f. What is the units digit of j(6)?
2
What is the hundreds digit of 447*(96/(-18) + 6)?
2
Let p be (2/(-3))/((-10)/(-375)). Let j = 29 + p. Suppose 7*k + 129 = 2*l + j*k, 52 = l + k. What is the units digit of l?
7
Let x be 30/(-4)*2/(-3). Suppose -x*u = -6*u. Suppose 4*y - 34 - 86 = u. What is the units digit of y?
0
Let c(n) = n**3 - 8*n**2 - 9*n + 21. Let b be c(9). What is the tens digit of 42/14 - b*-1?
2
Suppose 6*v - 2*v = 0. Suppose 8*c - 2*c + 522 = v. Let z = c - -126. What is the tens digit of z?
3
Suppose 2631 = 34*x - 123. What is the units digit of x?
1
Suppose -6*m - m = -21. Suppose -h - 59 = -2*i, -2*i + 53 = -0*i - m*h. What is the tens digit of i?
3
Let d be ((-4)/6)/(1/(-3)). Suppose -3*m = -d*m - 13. What is the units digit of 2 - (-3 - m - -2)?
6
Let z(f) = -29*f - 7. What is the hundreds digit of z(-8)?
2
Suppose -45 - 47 = -46*u. Let j(x) = 2*x**2 + 2*x + 1. Let b be j(-3). Suppose 10 = -u*i + 5*o, i + o = -o + b. What is the units digit of i?
5
Suppose 26*i + 4510 - 20604 = 0. What is the units digit of i?
9
Suppose 22 = 4*t + 2. Suppose 0 = t*g - 455 + 75. Suppose -i + 31 = 2*p, -5*i + g - 19 = 3*p. What is the tens digit of p?
1
Suppose -3 = 4*m - 11. Suppose m*i = 9*i - 469. What is the tens digit of i?
6
Let b(g) = 5*g - 8. Let k be b(2). Suppose 2*q = 3*q - 5, -k*w - 5*q + 103 = 0. What is the units digit of w?
9
Suppose -3301 = -2*l - z, -3*z = -4*l + l + 4947. What is the units digit of l?
0
Suppose 0 = 5*u - 20, -3*u - 622 = -2*v. What is the tens digit of v?
1
Let o = 284 + 4324. What is the hundreds digit of o?
6
Let p(c) be the first derivative of c**3/3 - 6*c**2 + 35*c + 21. What is the hundreds digit of p(17)?
1
Let a(w) = w**3 + 4*w**2 - w - 12. Let f be a(5). Let d = -323 + f. What is the units digit of (3 - 2)*d/(-5)?
3
Suppose -w = 5*l - 2*w - 108, -2*w - 40 = -2*l. Suppose 0 = -3*j - 4*f + l, 4*j + 0*f = f + 42. What is the units digit of j?
0
Let f(o) = 15*o**2 + 3*o + 6. Let c be f(4). Let a = 422 - c. What is the tens digit of a?
6
Suppose 18*s = 7*s + 6600. Suppose 0 = 10*x - 4*x - s. What is the units digit of x?
0
Suppose a = -3*a + 2228. What is the tens digit of a?
5
Let m(v) be the second derivative of -v**2 + 0 - 1/6*v**3 + 1/20*v**5 - 5*v + 3/4*v**4. What is the units digit of m(-9)?
7
Let f(y) = -y**3 + 9*y**2 - 2*y - 19. Let t be f(8). Let p = t - 26. What is the units digit of p?
3
Suppose 2*w + w = 3. Let v(f) be the first derivative of 23*f**2/2 - f + 59. What is the units digit of v(w)?
2
Let g = 8 - -2. Suppose q + 4 = 6. What is the units digit of -5 + 8 + g*q?
3
Let g = -168 + 322. What is the tens digit of g?
5
Let b(n) = 4*n**3 + 6*n**2 - 12*n - 6. What is the units digit of b(6)?
2
Let l(g) = -g**3 - 13*g**2 - 13*g + 3. Suppose -3*o - 26 = 2*a, 2*o + 5*a = 5*o + 61. Let u be l(o). Suppose 0 = -u*b + 14*b + 2. What is the units digit of b?
2
Let z be 0 + 6 - (-1 + 3). Let a be (-3 + 2 - -1)/(-17 + 16). What is the units digit of (a - z) + (-80)/(-2)?
6
Let c = 34 + 8. Let m = 56 - c. What is the units digit of m?
4
Let m = 4339 + -981. What is the hundreds digit of m?
3
Suppose 0 = 5*o - 20, -4*b - 20 = -2*o + 6*o. Let n be 12/42 + b/7. Let p(s) = -2*s**3 + s**2 - 1. What is the units digit of p(n)?
2
Suppose -2*h + 690 = 3*i + h, 4*h - 1151 = -5*i. Suppose c = -5, -c = 4*p - 0*c - i. What is the units digit of p?
9
Suppose -5*i = z - 316, i = -3*z - 357 + 1291. What is the tens digit of z?
1
Let p(c) = -2*c**2 + 2*c - 16. Let w be p(0). Let z = 18 + w. Suppose 4*t - 184 = -4*d, -d + z*t + 28 = -18. What is the tens digit of d?
4
Suppose 10075 = 5*l - 3*r, 2*l + 3*l = r + 10075. What is the tens digit of l?
1
Suppose s - 5*p = -2*s + 2, 0 = 5*s - 5*p. Let a be 11 + (-3)/3*s. Suppose a = 5*y - 3*u - 6, -5*u - 2 = y. What is the units digit of y?
3
Let n be (78/(-4) - 0)/(60/80). What is the tens digit of n/(-1) + 5 - 0/(-2)?
3
Let s = -9 - -14. Let z(d) = -1 - s + 3 + 7*d + 0. What is the units digit of z(7)?
6
Suppose -3*q + 16 = 3*d + 2*q, -2*q + 7 = d. What is the tens digit of 188/(((-8)/12)/(d/9))?
9
What is the tens digit of (-4)/6*(-35073)/54?
3
What is the hundreds digit of (-20)/(6 - 1) - -456?
4
Let x(l) be the second derivative of l**5/20 + l**4/6 - l**3/6 + 3*l**2 + 2*l. Let u be x(-3). What is the units digit of 0 + u - (-294)/6?
9
Let c(n) = -4*n - 3. Let t be c(-6). Let u be 6/t - 12/(-7). Suppose -105 = -u*z - 3*z. What is the tens digit of z?
2
Let p(x) = x**3 + 23*x**2 + 15*x - 16. What is the tens digit of p(-21)?
5
Suppose n - 6*n + 545 = 0. Let v = n + -56. Suppose -v = -4*p + 135. What is the units digit of p?
7
Let b = -54 - -92. Suppose -j = 5*n - 189, 219 = j + n + b. What is the units digit of j?
9
Let f be (-84)/(-20) + 2/(-10). Suppose f*n - 70 - 34 = 2*w, -3*w = -3*n + 78. What is the units digit of n?
6
Let b = 20 - 17. Let x be -1 + (b - 2) + 41. Let q = x